{"id":119,"date":"2018-08-29T15:05:33","date_gmt":"2018-08-29T13:05:33","guid":{"rendered":"http:\/\/nisse.radiobolagetsveteranklubb.com\/?page_id=119"},"modified":"2018-08-29T15:06:02","modified_gmt":"2018-08-29T13:06:02","slug":"arsmoten","status":"publish","type":"page","link":"https:\/\/nisse.radiobolagetsveteranklubb.com\/?page_id=119","title":{"rendered":"\u00c5rsm\u00f6ten"},"content":{"rendered":"<p>L\u00e4nkar<\/p>\n<p>Sida utan sidebar<\/p>\n","protected":false},"excerpt":{"rendered":"<p>L\u00e4nkar Sida utan sidebar<\/p>\n","protected":false},"author":1,"featured_media":0,"parent":0,"menu_order":0,"comment_status":"closed","ping_status":"closed","template":"tpl-no-sidebar.php","meta":{"footnotes":""},"class_list":["post-119","page","type-page","status-publish","hentry"],"_links":{"self":[{"href":"https:\/\/nisse.radiobolagetsveteranklubb.com\/index.php?rest_route=\/wp\/v2\/pages\/119"}],"collection":[{"href":"https:\/\/nisse.radiobolagetsveteranklubb.com\/index.php?rest_route=\/wp\/v2\/pages"}],"about":[{"href":"https:\/\/nisse.radiobolagetsveteranklubb.com\/index.php?rest_route=\/wp\/v2\/types\/page"}],"author":[{"embeddable":true,"href":"https:\/\/nisse.radiobolagetsveteranklubb.com\/index.php?rest_route=\/wp\/v2\/users\/1"}],"replies":[{"embeddable":true,"href":"https:\/\/nisse.radiobolagetsveteranklubb.com\/index.php?rest_route=%2Fwp%2Fv2%2Fcomments&post=119"}],"version-history":[{"count":2,"href":"https:\/\/nisse.radiobolagetsveteranklubb.com\/index.php?rest_route=\/wp\/v2\/pages\/119\/revisions"}],"predecessor-version":[{"id":122,"href":"https:\/\/nisse.radiobolagetsveteranklubb.com\/index.php?rest_route=\/wp\/v2\/pages\/119\/revisions\/122"}],"wp:attachment":[{"href":"https:\/\/nisse.radiobolagetsveteranklubb.com\/index.php?rest_route=%2Fwp%2Fv2%2Fmedia&parent=119"}],"curies":[{"name":"wp","href":"https:\/\/api.w.org\/{rel}","templated":true}]}}